mon divisor of 96 and i.
6
Suppose 0 = -14*b + 6706 + 602. Calculate the greatest common divisor of 18009 and b.
261
Let g(q) = -2*q**3 + 12*q**2 + 49*q - 164. Let h be g(-7). What is the highest common factor of h and 708?
59
Let t be 162/21*22750/375. Calculate the highest common factor of t and 9945.
117
Let g = 24 + -13. Let c be 395/3 + (28/12)/7*1. Calculate the highest common divisor of g and c.
11
Let z(i) = i**3 - 31*i**2 + 12*i - 265. Let n be z(31). Calculate the highest common factor of 3959 and n.
107
Let g = -7 + -55. Let f = -61 - g. Suppose -5 = -n - f, 1104 = 4*l + n. Calculate the highest common divisor of 25 and l.
25
Let y be 2/14 + 3/(-21). Let v(w) = w**3 + w + 2. Let h be v(y). Calculate the greatest common factor of h and 2.
2
Let v = 164 + -80. What is the highest common divisor of 651 and v?
21
Suppose -12023 = 17*r - 40855. What is the highest common divisor of 159 and r?
53
Suppose -c = -5*m + 514 + 1002, -5*c = -m + 284. Let o = -23267 + 23315. Calculate the greatest common factor of m and o.
16
Let v be 196/10 + 4/10. Suppose 2*s + 3*q = 272, 117*s - q = 115*s + 256. Calculate the highest common divisor of s and v.
10
Let u = -129 + 129. Suppose 9*o + 19 - 145 = u. Calculate the greatest common divisor of o and 56.
14
Let z = -122 - -140. Let j be 3*(51 + z/(-9)). What is the highest common factor of j and 14?
7
Let n(t) = t**2 - 10*t + 34. Let m be n(11). Let l = m + 65. Calculate the highest common divisor of l and 44.
22
Let r = -29450 + 30110. Let m(t) = t**2 + 5*t - 3. Let w be m(-9). Calculate the highest common divisor of w and r.
33
Let n be (-632 - -662)*(-20)/(-6). What is the highest common divisor of 12100 and n?
100
Suppose 16*l = 20*l - 44. Let j = 343 - 266. Calculate the highest common divisor of l and j.
11
Suppose 119165 = -138*p + 523*p - 607330. What is the greatest common divisor of p and 1776?
111
Suppose -r + 9 = 5. Let d = 1 + r. Let i be (3 + (-284)/8)*(-2 + 0). What is the greatest common divisor of d and i?
5
Let v = -10933 + 10997. What is the highest common factor of 4960 and v?
32
Let w = 6369 - 6185. Calculate the greatest common divisor of w and 230.
46
Let h(v) = 6*v + 3085. Let w be h(-210). What is the highest common factor of 475 and w?
25
Suppose 5*y = 13*y - 1680. Suppose 0 = 5*a + 2*m - y, 19 = -4*m - 1. Let q(p) = 8*p**2. Let s be q(1). What is the greatest common divisor of s and a?
4
Let f = 696 + -700. Let s be 120/16*(f + 6). What is the greatest common factor of 3 and s?
3
Suppose -14*b + 608 + 735 = 461. Calculate the highest common divisor of b and 90.
9
Let a(i) = -2*i**3 + 15*i**2 - 32*i - 320. Let r be a(-14). Calculate the greatest common divisor of r and 1860.
372
Let z(j) = 7*j - 52. Let f be z(-9). Let x be 132/1 + (5 - 1) + -1. Let k = x + f. Calculate the highest common divisor of 10 and k.
10
Let s = -45649 + 46273. Let u be -48*(-3 - 2*-1). Calculate the highest common factor of u and s.
48
Let a be ((-44)/(-10))/(1/(-5)). Suppose 11*s = -99 - 154. Let b = a - s. What is the greatest common divisor of b and 1?
1
Let b = 106 + -97. Let t be ((-30)/45)/((-1)/b). Calculate the highest common divisor of t and 66.
6
Suppose -5*o + 10815 + 20705 = 0. What is the greatest common factor of o and 64?
32
Let g = 18 + 342. Suppose 105*a - g = 99*a. Suppose -20 = 4*n, 3*n + 185 = 5*r + 6*n. What is the highest common divisor of r and a?
20
Let v(q) = -7*q**3 - 5*q**2 + 4*q + 2. Let h be v(-5). Let p(m) = -4472*m + 8956. Let t be p(2). Calculate the greatest common factor of t and h.
12
Suppose 62*y - 60*y - 8 = 0. Suppose 4*u - 1315 + 307 = -d, -756 = -3*u + y*d. Calculate the highest common divisor of 28 and u.
28
Let a(m) = 23*m - 3 + 2 - 17*m - 15*m. Let s be a(-2). Let y be 6 + -4 + s + 1. Calculate the highest common factor of y and 80.
20
Suppose v = f + 128, 4*v + 4*f = 582 - 126. What is the highest common divisor of v and 440?
11
Suppose -5*u - 4*a + 406 = -3*a, -2*u = -5*a - 184. Suppose -2*z + 56 = 4*i - 3*i, -3*z - 2*i = -u. What is the highest common divisor of z and 48?
6
Let z(h) = -2*h**2 + 90*h - 980. Let g be z(21). Suppose -4*w + 376 - 20 = 4*n, 5*w = -n + 81. What is the highest common divisor of g and n?
7
Let y be ((-5715)/(-6))/15*6. Suppose 0 = -4*u + y - 141. Calculate the highest common factor of 48 and u.
12
Let h(a) = -a**3 - 23*a**2 - 21*a + 6. Let n be h(-22). Let z = 16 + n. Let m be 4/((-1)/(-20) - z). Calculate the highest common factor of m and 10.
10
Let q(p) = p - 5. Let u(i) = -12*i + 86. Let l(r) = 6*q(r) + u(r). Let a be l(8). Suppose -40 = -2*g - 0. Calculate the greatest common factor of g and a.
4
Let j be (-3096)/(-3)*((-2)/12 + (-80)/(-12)). Calculate the highest common divisor of 43 and j.
43
Let r(i) = -i**2 + 27*i - 99. Let w be r(22). Suppose 6 - 28 = -w*z. What is the highest common factor of z and 14?
2
Let s be 1*(2 + 5 + -2). Suppose 5*l + 862 = 4*z + 207, -s*z - l + 797 = 0. Calculate the greatest common divisor of z and 5.
5
Let u(y) = -y**3 + 18*y**2 + 93*y - 1865. Let i be u(17). Calculate the highest common factor of i and 4505.
5
Let c = 1178 + 26052. Calculate the highest common factor of c and 28.
14
Let n(s) = 5*s**3 - 4*s**2 + 20*s + 1. Let z(q) = q**3 - 2*q**2 + 2*q + 3. Let u be z(0). Let b be n(u). What is the greatest common divisor of 32 and b?
32
Suppose -38*z + 6*z + 10218 = 99*z. What is the greatest common factor of z and 3354?
78
Suppose -4*k + 44646 = 15526. Suppose 31*p + 21*p - k = 0. Let c(d) = d**2 + 2*d + 6. Let f be c(-4). What is the greatest common divisor of p and f?
14
Let v be (-88)/(-8) - 5061/(-1). Calculate the highest common factor of 32 and v.
16
Suppose 2081 = -5*f + 356. Let a = f + 375. Calculate the highest common factor of a and 170.
10
Suppose 44*d + 3124 - 8849 = 38275. What is the greatest common factor of 25 and d?
25
Suppose 170*j - 167*j + 9 = 0, -671 = -17*i - 3*j. Calculate the highest common divisor of i and 1008.
8
Let v = -683 - -1690. Suppose -2*x + 10*n - 8*n + 112 = 0, -68 = -x + 5*n. What is the highest common divisor of x and v?
53
Let n(y) = -6*y - 47. Let b be n(-12). Let h be 0/2 + (2 - (3 - b)). What is the highest common divisor of h and 8?
8
Suppose -2122 = -4*t + 5*m, 4*t - 3183 = -5*m - 1041. Calculate the greatest common divisor of 287 and t.
41
Suppose -990 = -2*d + c, -c + 2220 + 248 = 5*d. Calculate the highest common factor of d and 533.
13
Let q = -6938 - -7214. What is the greatest common factor of 324 and q?
12
Let a be (1/(-3))/(79/(-474)). What is the highest common factor of 61 and a?
1
Let o(n) = 21*n**3 + 9*n**2 - 3*n - 11. Let d be o(4). Suppose d - 205 = 7*x. What is the highest common divisor of x and 24?
12
Suppose 10474*n = 10603*n - 1712604. What is the highest common factor of 4 and n?
4
Let t(h) = 2*h**2 + 18*h - 5. Let p be t(-6). Let o = p + 44. Suppose 3*c = -2*i + 69, -o*i + 101 = -0*i + 5*c. What is the greatest common factor of 105 and i?
21
Let o(a) = 82*a - 31 + 2*a**2 - 11 - 136*a + 82*a. Let u be o(-17). What is the highest common divisor of 24 and u?
12
Let p(g) be the first derivative of 17*g**2/2 + 113*g + 66. Let s be p(11). What is the greatest common factor of s and 12?
12
Let v = 19041 + -19027. What is the highest common divisor of v and 12418?
14
Let s be (7/((-21)/(-6)))/((-4)/(-252)). Suppose 0*i - s = -6*i. Let k = 21 - 0. What is the highest common factor of i and k?
21
Let p = 29048 - 28906. Let m(x) = x**3 - 4*x**2 - 1. Let d be m(6). What is the highest common divisor of p and d?
71
Let k = 4162 - 4150. What is the highest common divisor of 376 and k?
4
Let r(v) = 7*v**2 + 2*v + 1. Suppose -2*u = 6*u - u. Suppose u = -3*i - 3*i - 6. Let q be r(i). What is the greatest common divisor of 18 and q?
6
Let w(x) = 2*x**2 + 22*x - 19. Let z be 2*(1 + 1) + -1*16. Let h be w(z). Suppose -r = -o, -2*r + 3*r = h*o - 16. What is the highest common divisor of 2 and o?
2
Suppose 0 = -1465*c + 14662 + 4230 + 1618. Let b(f) = 5*f**2 + f - 1. Let r be b(-2). Suppose -z + 123 = -r. Calculate the highest common factor of c and z.
14
Suppose 5*s - z - 39058 + 11299 = 0, -5*z + 11109 = 2*s. Calculate the greatest common divisor of 48 and s.
16
Suppose 72*g = 36*g + 972. Calculate the highest common divisor of 279 and g.
9
